{"id":27,"date":"2015-02-17T12:03:23","date_gmt":"2015-02-17T12:03:23","guid":{"rendered":"http:\/\/asv-sumte.de\/?page_id=27"},"modified":"2015-03-27T09:31:36","modified_gmt":"2015-03-27T09:31:36","slug":"gewaesser-2","status":"publish","type":"page","link":"https:\/\/asv-sumte.de\/?page_id=27","title":{"rendered":"Gew\u00e4sser"},"content":{"rendered":"<p>Durch eine Vereinbahrung zwischen den Vereinen ASV Stapel, ASV Darchau, ASV Preten und den ASV Seerose Sumte ist es unseren Mitgliedern m\u00f6glich an den Gew\u00e4ssern dieser Vereine zu angeln.<\/p>\n<p>Hier zeigen wir diese Gew\u00e4sser in der \u00dcbersicht.<br \/>\nJeder Verein besitzt ein Gew\u00e4sser, dass nur f\u00fcr die Mitglieder des Vereins zur Verf\u00fcgung steht. (Vereinsgew\u00e4sser)<\/p>\n<p>Die Beschilderung durch die Angelvereine sowie Biosph\u00e4renreservatsverwaltung an den Gew\u00e4ssern ist zu beachten.<\/p>\n<table style=\"height: 937px;\" width=\"1078\">\n<tbody>\n<tr>\n<td width=\"170\"><strong>Gew\u00e4ssername<\/strong><\/td>\n<td width=\"161\"><strong>Gemarkung<\/strong><\/td>\n<td width=\"161\"><strong>P\u00e4chter<\/strong><\/td>\n<td width=\"113\"><strong>Karte<\/strong><\/td>\n<\/tr>\n<tr>\n<td width=\"170\">Krainke und Krainkeseen<\/td>\n<td width=\"161\">Zeetze, Gutitz, Stapel, Niendorf, Haar, Preten<\/td>\n<td width=\"161\">AV Stapel, AV Darchau, AV Sumte, AV Preten<\/td>\n<td width=\"113\"><a title=\"Krainke\" href=\"http:\/\/asv-sumte.de\/?page_id=61\">Karte<\/a><\/td>\n<\/tr>\n<tr>\n<td width=\"170\">Sumter See<\/td>\n<td width=\"161\">Sumte, Haar<\/td>\n<td width=\"161\">AV Darchau, AV Sumte<\/td>\n<td width=\"113\"><a title=\"Teilfl\u00e4che Sumter See\" href=\"http:\/\/asv-sumte.de\/?page_id=56\">Karte<\/a><\/td>\n<\/tr>\n<tr>\n<td width=\"170\">Elbe km 529,5 &#8211; 536,5<\/td>\n<td width=\"161\">Privelack bis Darchau<\/td>\n<td width=\"161\">AV Stapel<\/td>\n<td width=\"113\"><a title=\"Elbe\" href=\"http:\/\/asv-sumte.de\/?page_id=92\">Karte<\/a><\/td>\n<\/tr>\n<tr>\n<td width=\"170\">Trappsee<\/td>\n<td width=\"161\">Stapel<\/td>\n<td width=\"161\">AV Stapel<\/td>\n<td width=\"113\"><a title=\"Trappsee\" href=\"http:\/\/asv-sumte.de\/?page_id=100\">Karte<\/a><\/td>\n<\/tr>\n<tr>\n<td width=\"170\">Konauer See<\/td>\n<td width=\"161\">Konau<\/td>\n<td width=\"161\">AV Darchau<\/td>\n<td width=\"113\"><a title=\"Konauer See\" href=\"http:\/\/asv-sumte.de\/?page_id=96\">Karte<\/a><\/td>\n<\/tr>\n<tr>\n<td width=\"170\">Vockfeyer Brack<\/td>\n<td width=\"161\">Vockfey<\/td>\n<td width=\"161\">AV Stapel<\/td>\n<td width=\"113\"><a title=\"Vockfeyer Brack\" href=\"http:\/\/asv-sumte.de\/?page_id=107\">Karte<\/a><\/td>\n<\/tr>\n<tr>\n<td width=\"170\">Grosser See<\/td>\n<td width=\"161\">Stapel<\/td>\n<td width=\"161\">AV Stapel<\/td>\n<td width=\"113\"><a title=\"Gro\u00dfer See\" href=\"http:\/\/asv-sumte.de\/?page_id=147\">Karte<\/a><\/td>\n<\/tr>\n<tr>\n<td width=\"170\">Burgsee<\/td>\n<td width=\"161\">Niendorf<\/td>\n<td width=\"161\">AV Sumte<\/td>\n<td width=\"113\"><a title=\"Burgsee\" href=\"http:\/\/asv-sumte.de\/?page_id=68\">Karte<\/a><\/td>\n<\/tr>\n<tr>\n<td width=\"170\">Rewelk<\/td>\n<td width=\"161\">Niendorf<\/td>\n<td width=\"161\">AV Sumte<\/td>\n<td width=\"113\"><a title=\"Rewelk\" href=\"http:\/\/asv-sumte.de\/?page_id=71\">Karte<\/a><\/td>\n<\/tr>\n<tr>\n<td width=\"170\">Brackskuhl<\/td>\n<td width=\"161\">Neu Garge<\/td>\n<td width=\"161\">AV Sumte<\/td>\n<td width=\"113\"><a title=\"Brackskuhl\" href=\"http:\/\/asv-sumte.de\/?page_id=65\">Karte<\/a><\/td>\n<\/tr>\n<tr>\n<td width=\"170\">S\u00fcckau-West Kanal<\/td>\n<td width=\"161\">S\u00fcckau<\/td>\n<td width=\"161\">AV Preten<\/td>\n<td width=\"113\">\u00a0<a title=\"Sude\" href=\"http:\/\/asv-sumte.de\/?page_id=117\">Karte<\/a><\/td>\n<\/tr>\n<tr>\n<td width=\"170\">Neue Sude<\/td>\n<td width=\"161\">Preten<\/td>\n<td width=\"161\">AV Preten<\/td>\n<td width=\"113\">\u00a0<a title=\"Sude\" href=\"http:\/\/asv-sumte.de\/?page_id=117\">Karte<\/a><\/td>\n<\/tr>\n<tr>\n<td width=\"170\">Wiesengraben<\/td>\n<td width=\"161\">Preten<\/td>\n<td width=\"161\">AV Preten<\/td>\n<td width=\"113\">\u00a0<a title=\"Wiesengraben\" href=\"http:\/\/asv-sumte.de\/?page_id=120\">Karte<\/a><\/td>\n<\/tr>\n<tr>\n<td width=\"170\">Bodenentnahme Haar<\/td>\n<td width=\"161\">Haar<\/td>\n<td width=\"161\">AV Darchau<\/td>\n<td width=\"113\">\u00a0<a title=\"Bodenentnahme Haar\" href=\"http:\/\/asv-sumte.de\/?page_id=103\">Karte<\/a><\/td>\n<\/tr>\n<\/tbody>\n<\/table>\n<p><a title=\"Gesamt\u00fcbersicht\" href=\"http:\/\/asv-sumte.de\/?page_id=87\">Gesamt\u00fcbersicht<\/a> auf einer Karte.<\/p>\n<p>Das Vereinsgew\u00e4sser des Anglerverein Seerose Sumte ist die <a title=\"Garger Brack\" href=\"http:\/\/asv-sumte.de\/?page_id=75\">Garger Brack<\/a>.<\/p>\n","protected":false},"excerpt":{"rendered":"<p>Durch eine Vereinbahrung zwischen den Vereinen ASV Stapel, ASV Darchau, ASV Preten und den ASV Seerose Sumte ist es unseren Mitgliedern m\u00f6glich an den Gew\u00e4ssern dieser Vereine zu angeln. Hier <a class=\"more-link\" href=\"https:\/\/asv-sumte.de\/?page_id=27\">Continue Reading &rarr;<\/a><\/p>\n","protected":false},"author":1,"featured_media":0,"parent":0,"menu_order":0,"comment_status":"open","ping_status":"open","template":"","meta":{"footnotes":""},"class_list":["post-27","page","type-page","status-publish","hentry"],"_links":{"self":[{"href":"https:\/\/asv-sumte.de\/index.php?rest_route=\/wp\/v2\/pages\/27","targetHints":{"allow":["GET"]}}],"collection":[{"href":"https:\/\/asv-sumte.de\/index.php?rest_route=\/wp\/v2\/pages"}],"about":[{"href":"https:\/\/asv-sumte.de\/index.php?rest_route=\/wp\/v2\/types\/page"}],"author":[{"embeddable":true,"href":"https:\/\/asv-sumte.de\/index.php?rest_route=\/wp\/v2\/users\/1"}],"replies":[{"embeddable":true,"href":"https:\/\/asv-sumte.de\/index.php?rest_route=%2Fwp%2Fv2%2Fcomments&post=27"}],"version-history":[{"count":30,"href":"https:\/\/asv-sumte.de\/index.php?rest_route=\/wp\/v2\/pages\/27\/revisions"}],"predecessor-version":[{"id":149,"href":"https:\/\/asv-sumte.de\/index.php?rest_route=\/wp\/v2\/pages\/27\/revisions\/149"}],"wp:attachment":[{"href":"https:\/\/asv-sumte.de\/index.php?rest_route=%2Fwp%2Fv2%2Fmedia&parent=27"}],"curies":[{"name":"wp","href":"https:\/\/api.w.org\/{rel}","templated":true}]}}